 c be t(8). What is the units digit of z(c)?
5
Let g be 1/(-4) + (-385)/(-4). Let l = g - 55. What is the tens digit of l?
4
Suppose 5*o - 3 = 2*x, -4*o - 2 = x + 6. Let h be (4 - o)*(-2 - 3). Let d = -12 - h. What is the units digit of d?
3
Let h be -1*(-1 - 8) - 2. Suppose h*w + 2*g - 23 = 2*w, g + 1 = 0. What is the units digit of (w/2)/((-2)/(-4))?
5
Let y(b) = b**3 - 6*b**2 + 7*b - 11. What is the units digit of y(6)?
1
Suppose 0*h - 2*h = 12. Let m(k) = -2*k - 9. What is the units digit of m(h)?
3
Let l(i) = -11*i. Let o be l(-3). Let g = -33 - -53. Let t = o - g. What is the units digit of t?
3
Suppose 0 = 3*b - 2*i + 4, 5*b + 4*i + 40 = -i. Let c be (-2)/7 + 88/14. Let z = c + b. What is the units digit of z?
2
Suppose -i - 2*z + 5 = 0, -24 = -3*i - 5*z - 9. Suppose -i = n, 23 + 17 = 5*b + n. What is the units digit of b?
9
Let y = 127 + -70. What is the tens digit of y?
5
Suppose -2*g = -5 - 3. Suppose 0 = 4*z + g*r - 96, -2*r - 122 = -5*z - 9. What is the units digit of z?
3
Let l = -3 - -3. Suppose 5*f = -l - 5. What is the units digit of 1*(1/f + 5)?
4
Let f be -2*3/6 + 19. Let t = f + -13. What is the units digit of t?
5
Let t(m) be the first derivative of -m**2/2 + 2*m + 3. What is the units digit of t(0)?
2
Suppose 5*p - 5*v = 15, 7*p - 5*v = 3*p + 12. Suppose -2*z + 2 = 5*b - p*b, 0 = 3*b + 2*z. What is the units digit of 0 + (b - -4) + 6?
8
Let v(j) = 10*j - 2. Let i(r) = -r - 1. Let h(n) = 6*i(n) + v(n). What is the units digit of h(11)?
6
Let k(o) = o**3 + 10*o**2 + 3*o - 13. Let f be k(-9). Suppose -3*v - 3*w = -87, -4*w = 3*v - 123 + f. What is the units digit of v?
4
Let y = 8 + -8. Suppose y = -6*n + 5*n + 16. What is the units digit of n?
6
Let b be (8/(-12))/(2/(-9)). Suppose -b*z + 24 = z. What is the units digit of z?
6
Let o be 7 - ((-12)/(-4) + -3). Suppose o*n = 3*n + 188. What is the units digit of n?
7
Let a = 66 - 28. What is the tens digit of a?
3
Let u = -5 - -9. Suppose 4*s + 0*s + c = 138, 0 = s + 2*c - 31. Suppose -i = u*i - s. What is the units digit of i?
7
Let c be 3/2*(-4)/6. Let a(h) = 7*h**2 + h. Let j be a(c). Let m = 14 - j. What is the units digit of m?
8
Let o be 2 + -2 - -2 - -1. Suppose 0*g = -o*g + 36. What is the tens digit of g?
1
Suppose -2*d = 3*u - 10, d - 2 = -2*u + 4. Suppose 4*r = u*r + 44. What is the tens digit of r?
2
Let y = -10 + 15. Suppose -4*q = a + 25, y*a + 3*q + 2*q + 50 = 0. Let n = a - -13. What is the units digit of n?
8
Suppose q + 2*q - 57 = 0. Let z(n) = -2*n - 7. Let i be z(-5). Suppose 2*k + k + 3*g - 21 = 0, 2*k - i*g = q. What is the units digit of k?
8
Let o = 54 + 78. What is the tens digit of o?
3
Suppose -g + 3*g + 8 = 0. Let q = -1 + -1. Let h = q - g. What is the units digit of h?
2
Let c(v) = 3*v**2 + 3*v - 5. What is the units digit of c(3)?
1
Let y = -164 - -456. What is the hundreds digit of y?
2
Let y(g) = 4*g**2 - 2*g + 11. What is the tens digit of y(3)?
4
What is the hundreds digit of (-1)/2 - ((-469)/2 - 7)?
2
Suppose 4*c = 3*p + 13, -2 = 4*c + 3*p + 3. Suppose i + 3*i = 20. What is the units digit of i*(-1 - -4)*c?
5
Let o(v) = v**2 - 3*v + 4. Let y be o(2). Suppose -y*f = -f - 1. What is the units digit of f?
1
Let g(x) = -x + 6. Let b(z) = -z + 7. Let h(i) = -5*b(i) + 6*g(i). Let p be 2*(-2 - -1)*3. What is the units digit of h(p)?
7
Let b be ((-32)/(-24))/((-1)/(-3)). Suppose 5*c = -2*h + 60, 4 = b*c - 5*h - 11. What is the tens digit of c?
1
What is the units digit of (-1)/(-2 - (-15)/8)?
8
Suppose v + 2*f - 128 = -6, f + 1 = 0. What is the units digit of v/24 - (-2)/(-12)?
5
Let a(u) = -3*u - 20. Let w be a(-12). Let p(d) = d - 6. What is the units digit of p(w)?
0
Suppose 0 = -4*n - 16, -3*s - 3*n = -2*n - 2. Let r be 0 + s + 1*-17. What is the tens digit of (-156)/r - 2/5?
1
What is the tens digit of ((-3)/3)/(-1*4/836)?
0
Suppose -338 = -z - z - 2*b, -2*b = 5*z - 836. What is the tens digit of 27/(-45) + z/10?
1
What is the units digit of (-3)/(82/28 - 3)?
2
Let j(m) = -m**2 + 5*m + 7. Let k be j(6). Let o = k - 6. Let b(s) = -s**3 - 6*s**2 - 5*s + 3. What is the units digit of b(o)?
3
Let d(h) = 8*h - 12. What is the units digit of d(5)?
8
Suppose 4*j - 12 = -2*x, 2*x + 5*j + 4 = 19. Suppose 4*q + 22 = 6*q + v, x = -4*q - 4*v + 44. What is the units digit of q?
1
Suppose 6*x - 8*x = -50. What is the units digit of x?
5
Let i(o) = -o + 1. Let c(u) = -8*u + 22. Let m(t) = -c(t) + 5*i(t). What is the units digit of m(9)?
0
Let f = -56 + 88. What is the tens digit of f?
3
Let s = 14 - 11. Suppose s*n + 0*n - 33 = 2*k, 0 = 5*k + 15. What is the units digit of n?
9
Suppose -4 = 3*d + 2. Let t(l) = 2*l**2 + 2. What is the tens digit of t(d)?
1
Let u = -16 + 51. Suppose -u - 4 = -3*r. What is the tens digit of r?
1
Suppose 4*j - j = 93. What is the units digit of j?
1
Let c(x) = -x**3 + 6*x**2 + 6*x + 17. What is the units digit of c(7)?
0
Let h(b) = b - 3. Let u be h(5). Suppose 0 = u*l - 5*l - 240. What is the units digit of (-12)/(-10)*l/(-12)?
8
Let q be 78 + 2 - (-2)/1. Suppose 5*c + 22 = q. What is the units digit of c?
2
What is the units digit of (20/(-8) - -3)/((-2)/(-356))?
9
Suppose 4*j - 14 - 30 = 0. Let h = j - 5. What is the units digit of h?
6
Let r(s) = s**3 + 4*s**2 + 2*s + 2. Let p be r(-3). Let i = 7 - p. Let j = i + 1. What is the units digit of j?
3
Suppose i = -z + 11, -4*i + 2*z - z + 34 = 0. Let r = 18 - i. What is the units digit of r?
9
Let w = 129 - 71. Let m = w - 40. What is the units digit of m?
8
Let p(c) = -4*c + 1. Let q be (-1 - 0)*1/1. Let m be p(q). Suppose 5*r - 18 = -3*z - 0*z, 0 = m*r. What is the units digit of z?
6
Let l(g) = g**2 - 2*g - 4. Let f be l(-3). Let w = -8 + f. Suppose w*j - 2 - 10 = 0. What is the units digit of j?
4
Let a(b) = 2*b**2 - 18*b + 6. Let l be (-2)/4 + (-60)/(-8). Let k(u) = u**2 - 9*u + 3. Let h(y) = l*k(y) - 4*a(y). What is the tens digit of h(7)?
1
Let n(p) = -9*p + 1. Let f(m) = 4*m. Let k(q) = 5*f(q) + 2*n(q). What is the units digit of k(1)?
4
Let w = -155 + 179. What is the units digit of w?
4
Let z = 11 + -8. Suppose 4*w - z*f - 41 = 2*f, 3*w + 3 = -3*f. What is the units digit of w?
4
Suppose 2*z - 3 = z. Suppose -2*w + 2*v = -4*w + 30, -z*w + 25 = -2*v. Suppose 2*u - w = u. What is the tens digit of u?
1
Suppose 0 = -4*s + 4*f + 16, 5*s = -3*f - 5 - 7. Suppose s*n - 6 = 2*n - 2*y, -y = -3*n - 1. What is the units digit of n?
1
Let u(f) = 6*f. Suppose -25 = -2*k - 0*i + 5*i, -5*k + 3*i = -34. Suppose -v - 8 = -k*v. What is the units digit of u(v)?
2
Let r(q) = -q**2 - 6*q + 7. Let z be r(-10). What is the tens digit of (z/12 - -2)*-44?
3
Suppose j + 55 = 6*j. What is the units digit of j?
1
Let s = -1 + 9. What is the units digit of s?
8
Let m = -1 - -5. Suppose -60 = m*o - o. What is the units digit of (-8)/o - (-106)/10?
1
Let j be (-6)/2 - (3 - 2). What is the units digit of (j/10)/(2/(-10))?
2
Let t(y) = -y**2 - 2*y. Let a(z) = z + 2. Let h be a(-4). Let s be t(h). Let p = 1 - s. What is the units digit of p?
1
What is the units digit of (-2)/(-3) - (-5439)/63?
7
Let o(s) = -2*s**3 - 5*s**2 + s + 5. Let q be o(-4). Let x = -29 + q. What is the tens digit of x?
2
Suppose 5*o - 4 = 6. What is the units digit of o?
2
Suppose 2*c = 0, -2*z - 4*c + 0*c + 182 = 0. What is the tens digit of z?
9
What is the tens digit of (-2)/1 + 97 + 5 + 0?
0
Let r = 13 + -15. Let s = r + 14. What is the units digit of s?
2
Let o(c) = c**3 + c**2 - 3*c + 1. Let p be o(2). Suppose 2*m + 3 - p = 0. What is the units digit of m?
2
Let h be (-2 + 0)/((-8)/(-132)). Let l = 21 + h. Let d = -6 - l. What is the units digit of d?
6
Suppose 5*x = -3 + 13. Suppose 15 = m - x*y, 2*y + 27 = m - 3*y. What is the units digit of -1 + 0 - m*-1?
6
What is the units digit of -1 + 3 + 0 - -38?
0
Let s(h) = -h + 3. Let y be s(3). Suppose y = -5*b + 1 + 9. Suppose 3*f + 4*i = 24, 2*f - f = -b*i + 8. What is the units digit of f?
8
Let v = 12 - -8. What is the units digit of v?
0
Let a(f) = f + 2. Let l be a(0). Suppose -l*h - 5*i + 20 = -2*i, -i = 0. What is the tens digit of h?
1
Let j = 4 + -4. Suppose -m = -j*m - 11. What is the tens digit of m?
1
What is the units digit of 15*((-324)/(-30) + 3)?
7
What is the units digit of ((-266)/4)/(13/(-26))?
3
Let f = -206 + 291. Suppose 4*m = f + 3. What is the units